 5) + 4).
-5
2 - (0 - 2) - 3 - 3
-2
What is -3 + 1 + (1 - (-8 + 2))?
5
What is -9 + 0 + -16 + 17?
-8
What is -9 + 4 - (5 + -2 + -14)?
6
Evaluate 1 - (4 + -2) - (-4 - -2).
1
Evaluate 7 + (-4 - (-5 - -3)) - 1.
4
Calculate (-3 - -1) + 1 - (-1 - 1).
1
What is 4 + 1 + 2 + -2 - 3?
2
Evaluate (5 - 12 - -6) + -2 + 1.
-2
0 + (6 - (1 + 3))
2
What is -1 + -1 + (4 - 2) + -4?
-4
Calculate -3 - (-3 - -7 - 3).
-4
(3 + (1 - 5) - 0) + 4
3
Calculate 14 + -6 - (3 - -3 - 7).
9
What is -2 + 0 - 3 - (20 - 28)?
3
What is 5 - (2 + (0 - 2))?
5
(3 - 0) + (-17 - -16) + -3
-1
(2 - 3) + -3 + (0 - -3)
-1
Evaluate 3 + -4 + -1 - (3 - 0).
-5
Calculate (-12 - -7) + 14 + -4 - 1.
4
Evaluate 1 - ((-3 - -2) + -2).
4
(-1 + 3 - 6) + (7 - 9)
-6
26 + -19 - (1 - 3)
9
Calculate -6 + 2 - (-15 + 7).
4
Calculate -2 + 1 - (-12 + 10).
1
-1 + -5 + 12 - 6
0
What is 3 + (3 - (12 + -5))?
-1
What is 5 + (-1 - (7 + -6))?
3
(7 - 6) + 2 + -7
-4
What is -5 - (-2 + -1) - -4?
2
What is the value of 2 + -2 + (-5 - 3) + 13?
5
What is the value of (11 - (10 + -13)) + -13?
1
What is -5 - 5 - -12 - -1?
3
Evaluate 5 + (-6 - (-8 - -4)).
3
2 + -13 + (29 - 16)
2
What is the value of 2 + (4 - (1 + -3 - -5))?
3
What is the value of 0 + -1 - (69 - 73)?
3
Calculate 6 + 0 + (-13 - -7) + 4.
4
What is the value of 1 + 5 + (-9 - -4) + -3?
-2
-9 + 4 + 4 + 0
-1
What is (-6 - -3 - -3) + -5?
-5
Calculate (-2 + 9 - 1) + -20 + 16.
2
Calculate -2 + 4 - (7 + -4 + 0).
-1
10 + (-6 - (-2 - -1))
5
What is the value of (1 - 0) + (12 - 13)?
0
Evaluate -8 + (-3 - (-2 + -4)) + 1.
-4
What is the value of -1 + (1 + -4 + 1 - -1)?
-2
-4 + 5 - (-3 + 0)
4
Calculate -9 + (-2 - (-10 - (-14 - -9))).
-6
What is -1 - 5 - (12 - 15)?
-3
What is the value of (-6 - -1) + (108 - 100)?
3
Calculate (1 - 2) + 24 + -22.
1
What is the value of -1 + 1 + (8 - 6)?
2
What is 2 - 2 - -2 - (-19 - -31)?
-10
Calculate -2 - (-10 - -6 - (-2 - 1)).
-1
-4 + 0 - (-23 - (-3 + -17))
-1
Evaluate 7 - (6 - (1 - -3)).
5
What is 1 + -2 + -5 + 2?
-4
What is 2 + (5 - (-3 - (5 - 7)))?
8
-4 + -2 + 4 + -1 + 1
-2
Evaluate -1 + 4 - 4 - (-3 + 5).
-3
Calculate 3 + 4 + -5 + -3.
-1
Calculate (66 - 66) + (1 - -1).
2
-99 + 94 + (1 - -3)
-1
Calculate -5 + 2 + 2 + 6 + 0.
5
What is (-8 - -17) + (-2 - 1)?
6
What is the value of 1 + 6 + -13 + 14 + -2?
6
What is the value of (2 - (-1 + -1)) + -6 + 0?
-2
What is 3 - (-5 + 10 - 6)?
4
What is the value of (4 - (5 - -2)) + 4?
1
What is the value of -2 - 4 - (-19 - -12)?
1
Calculate -1 + 5 + -2 - -2.
4
What is the value of -4 - (0 + 1 + -4 - 3)?
2
What is -3 + -2 + (-1 - -3) - -2?
-1
What is the value of 4 + 2 + -14 + 3?
-5
What is -5 - (1 + -4 + 7 - 6)?
-3
Calculate (-4 + -3 + 5 - -2) + 1.
1
2 + -3 + (4 - 8)
-5
Evaluate -11 + 11 + 1 + 1.
2
Evaluate 0 + 2 - (5 - 6 - -2).
1
Evaluate (-2 + 9 - 8) + (0 - -3).
2
What is the value of 3 + (13 - 26) + 0 + 6?
-4
What is the value of 6 - (4 - (-4 - -5))?
3
0 + (4 - 7) - 3
-6
Calculate (20 - 11) + -2 + -3.
4
Evaluate (0 - -1 - 2) + (-8 - -5).
-4
What is the value of 9 - (1 - (-7 + 5))?
6
What is the value of -2 - (3 + -3) - (-1 - -5)?
-6
Calculate 8 + (2 - (-7 - -18)).
-1
Calculate -1 + 3 + -1 - (3 + -4).
2
Evaluate 3 - 12 - (-3 - -3).
-9
Evaluate 5 + (-1 - (1 - 4 - -2)).
5
Evaluate (11 - (-9 + 4 - -10)) + -3.
3
(9 + -11 - 6) + 13
5
Calculate -3 + (5 - 17) + 10.
-5
Calculate -3 + 5 + -2 + 4 - 3.
1
What is the value of 5 - 6 - (1 - 0 - 3)?
1
Evaluate 0 + (-2 - -3) + -6.
-5
Evaluate -8 - (-1 + -1) - -2.
-4
What is the value of (-3 - -3) + -3 - -2?
-1
-3 + 0 + -2 + 9 - 6
-2
Evaluate -1 + (0 + -4 - -4 - 0).
-1
-6 - (-1 - -1 - (-34 + 38))
-2
Evaluate (-2 + 7 - 8) + 3.
0
What is the value of -1 + -4 + 1 + 0?
-4
Evaluate 2 + 4 + -3 + 3 + -8.
-2
-1 + (7 - -2) + -3 + 1
6
4 - (1 - (-1 + (-3 - 1)))
-2
What is 9 + (-6 - (5 - 3))?
1
(0 - -7) + -4 - (5 - -1)
-3
Calculate 0 + 0 + (-8 - -7).
-1
Calculate 4 + 5 + -7 - -3.
5
Calculate -4 + 4 + -3 + 2 + 0.
-1
What is the value of 5 - (-1 + -3 - -2) - 3?
4
4 - 0 - (-1 - (1 - 4))
2
Calculate (-3 - -7) + -9 + (1 - 0).
-4
15 + -12 + 4 + -8
-1
Evaluate 8 + -5 + 4 - 4.
3
Calculate -3 + 1 + (6 - 3).
1
What is the value of 1 + 0 + (2 - 5) + 0?
-2
Calculate 10 - (5 + (-1 - -1)) - 8.
-3
What is -6 + 3 + -1 + 5?
1
Calculate -5 + 1 + -7 + 8 - 6.
-9
What is 3 - (2 - (5 + (-3 - 0)))?
3
15 - (25 - (10 + 3))
3
Calculate (13 - 7) + -1 - 6.
-1
Evaluate 3 + 0 + (3 - 2) + -1.
3
What is 0 + 1 + -6 - (-23 + 13)?
5
Evaluate 0 + -1 - (8 + -4).
-5
What is the value of (9 - 3 - (2 - 1)) + -2?
3
What is the value of (-3 - (-1 + -2 + 7)) + 6?
-1
What is the value of -5 + (6 + -2 - 5) + 13?
7
What is the value of (0 - (-6 + -2)) + -9?
-1
Calculate (-2 - 5) + 5 - -1.
-1
Evaluate (2 - (-3 - -7)) + -2.
-4
Calculate (-5 - (-7 + -1)) + (0 - 2).
1
Calculate (-4 - (-3 - -2)) + 2 - 4.
-5
What is 6 + 5 + -7 + -3 + 0?
1
0 + (-1 - 1 - -5)
3
(-1 - -4) + -83 + 78
-2
What is (-2 + 1 - 3) + 2 - -8?
6
What is the value of 99 - 98 - (-2 - -4 - 7)?
6
What is -7 + (-1 - 0) + 2?
-6
Evaluate -8 + 2 - ((-11 - 8) + 10).
3
Evaluate -16 + (-2 - -10) + (3 - -1).
-4
Evaluate 3 + 2 + -5 + 0.
0
What is the value of (-9 - (5 + -1)) + (-3 - -9)?
-7
-14 + (-1 - -3 - -3)
-9
What is the value of 6 + 9 + -26 + 6?
-5
What is the value of (16 - (6 - 1)) + (-4 - 2)?
5
0 + (5 - 4) - 1 - 2
-2
1 - 5 - (12 + (4 - 14))
-6
(5 - 0 - 7) + (-1 - 0)
-3
What is -1 + (-1 + 5 + 0 - 3)?
0
What is (-4 - -1 - 1) + (14 - 14)?
-4
-4 - (0 + -4 - 3)
3
What is 0 + -3 + 4 - (-2 + 5)?
-2
Evaluate -1 - (-1 + 0) - 3.
-3
Evaluate 46 - 40 - (-1 + 8).
-1
What is 2 + -3 + -4 + -3 + 3?
-5
(28 - 25) + -2 + 3 + 1
5
What is (-2 - 8) + 14 - 8?
-4
3 + -6 + 2 + -3 + 3
-1
Calculate -3 + 4 + -1 + -3 + 9.
6
-1 - (3 + 1) - -3
-2
What is 4 - -1 - (-51 + 30 + 20)?
6
Calculate 4 + -2 + -4 + (-17 - -21).
2
Calculate (7 - -3 - 3) + -1 + -1.
5
What is -1 - -6 - (-6 + 4)?
7
Evaluate -9 - (-7 + 4 + -10).
4
Calculate 2 + -6 + 10 + -4 + -3.
-1
Evaluate -1 + (3 - 2) + 1 + 1.
2
Evaluate 4 + -6 + -3 - -4.
-1
Calculate 0 - (0 + (4 - -2 - 4)).
-2
What is the value of 1 + (-3 - 5 - -8) - 9?
-8
-1 - (9 + 5 + -12)
-3
What is the value of -1 + -1 + 1 + (-8 - -12)?
3
Evaluate -2 + (7 - -4 - 7).
2
Evaluate 45 + -43 + -3 + -1.
-2
Calculate (0 - 2) + 5 + -8 + 0.
-5
2 + (-7 - (-2 - -1))
-4
9 - (-9 + (13 - 4))
9
What is (-1 - -2 - -1) + 6 + -9?
-1
What is the value of 4 + -12 + (-5 - (2 - 4))?
-11
3 + 1 + -6 + 7
5
What is the value of -3 + (12 - 12) - (1 + -7)?
3
What is 4 - ((13 - 5) + -11)?
7
What is the value of 1 - (-1 - (0 - 3))?
-1
What is the value of (-2 - -2 - -1) + 12 + -9?
4
Calculate -1 + 0 + -50 + 52 + -5.
-4
What is the value of 20 - ((11 - 16) + 14)?
11
What is -34 - -37 - (-5 + 2 + 0)?
6
-2 - -9 - (0 - (-6 - -2))
3
Calculate 1 + 0 + 30 + -34.
-3
0 + 2 - (2 - (5 + -4))
1
2 - (-6 - (-2 + -2))
4
Evaluate 3 + (3 - 2) + (27 - 24).
7
Evaluate -1 + (6 - (-2 + 3)).
4
Evaluate 7 + -4 - (11 + -5 + 1).
-4
What is (-1 - -3) + -4 + (-4 - -2)?
-4
What is the value of 7 + 6 - (11 - 2)?
4
Evaluate 11 - (11 - 1) - -1.
2
Evaluate (0 - 1) + (-17 - -13).
-5
What is the value of 6 - ((-4 + -5 - -4) + 10)?
1
Calculate 1 + -3 + 3 + -2.
-1
Evaluate 1 + 1 + 3 - 11.
-6
230 + -226 + (-7 - (0 - -1))
-4
What is 0 - ((7 - 3) + -6)?
2
What is (0 + -5 - -1) + -1?
-5
Evaluate -1 + 0 - (-15 + 13).
1
What is the value of (2 - -2) + -1 + 0?
3
6 - (2 - (-3 - -2))
3
Evaluate -7 + 5 - (-9 + 1).
6
What is the value of 6 + -1 + 5 - 7?
3
What is the value of -1 + -1 + 3 + 0 + 2?
3
Evaluate 7 + -7 + (2 - -1 - 2).
1
What is the value of 2 + -5 - (6 + -13)?
4
Calculate 2 - (-1 - -3) - -1.
1
Calculate (14 - 2) + -3 + (-4 - -1).
6
Evaluate (0 - 1) + (3 + -5 - -1).
-2
What is the value of -2 - 0 - (2 - 8 - -7)?
-3
Calculate (-1 - 6) + (43 - 43) + 3.
-4
What is the value of (-12 - (2 - 5)) + 0 - -3?
-6
What is the value of 1 + 2 - (-3 + (4 - -6))?
-4
What is the value of (-27 - -38) + 0 + -3?
8
What is the value of -1 + 3 + -3 - (6 - 6)?
-1
What is 0 + -4 - (-8 + 5 + -1)?
0
What is the value of -1 - (5 - 15) - 4?
5
What is the value of (9 + -13 - -3) + -1 + -4?
-6
What is 2 + (4 - (-8 + 12))?
2
What is -10 + 15 - (4 + 0)?
1
What is (-2 - 3) + (2 - -2) - 4?
-5
Evaluate (0 - 2) + 143 + -134.
7
What is (-2 - (3 - 6)) + -1 + -6?
-6
51 + -60 + 4 + 0
-5
What is 18 + (-21 - -7) + 6?
10
Calculate 1 - 4 - (-7 - (-15 + 10)).
-1
What is (-4 - (